 y(h) = h**2 + 1206*h - 21058. Give y(17).
-267
Let n(l) = 26310*l + 1394484. Calculate n(-53).
54
Let k(b) = -189*b**3 - 75225*b**2 - 1193*b + 407. Give k(-398).
9
Let d(x) = -167027*x. What is d(0)?
0
Let o(j) = -5*j**2 + 215*j - 1656. What is o(8)?
-256
Let g(a) = 120*a**2 + 921*a + 116. Calculate g(-4).
-1648
Let x(t) = -1200*t + 12893. Give x(13).
-2707
Let t(z) = z**3 - 71*z**2 - 47*z + 3409. Give t(71).
72
Let i(g) = 2*g**3 + 73*g**2 + 601*g - 136. Calculate i(-13).
-6
Let o(g) = -5035*g + 1117774. Determine o(222).
4
Let m(n) = 126*n**2 - 3023*n + 260. Determine m(24).
284
Let x(t) = -65*t + 3430. Determine x(52).
50
Let t(v) = 278*v**2 - 5835*v - 59. Calculate t(21).
4
Let s(h) = h**3 + 431*h**2 - 2201*h - 9178. Determine s(-436).
-22
Let i(p) = 604*p - 7629. Calculate i(17).
2639
Let z(o) = -o**3 + 89963*o**2 + 10629557*o - 113. Calculate z(-118).
5
Let d(q) = -817*q - 117650. Calculate d(-144).
-2
Let o(k) = 19182*k - 537000. Give o(28).
96
Let q(b) = -251*b - 2760. Calculate q(-11).
1
Let p(s) = 5661*s + 883117. Calculate p(-156).
1
Let a(j) = 9547*j - 38570. Give a(4).
-382
Let l(y) = -77*y**2 - 1912*y - 1912. Determine l(-1).
-77
Let k(q) = -q**3 - 436*q**2 - 39759*q + 6448. Calculate k(-306).
22
Let v(x) = -58268*x + 376. Give v(0).
376
Let w(x) = 1634*x - 47367. Calculate w(29).
19
Let c(n) = -2761*n + 53032. Calculate c(19).
573
Let z(q) = 36584*q - 3621831. Calculate z(99).
-15
Let h(v) = -152*v + 18359. Calculate h(121).
-33
Let i(m) = -25*m**3 - 30*m**2 + 4*m - 40. Determine i(-2).
32
Let p(n) = -1043*n**3 + 28167*n**2 - 146*n - 424. Calculate p(27).
8
Let f(d) = 2*d**2 + 13075*d - 354490. Calculate f(27).
-7
Let v(g) = -2*g**2 - 1632*g + 3165. What is v(0)?
3165
Let k(m) = 4*m**2 + 359*m + 3709. What is k(-10)?
519
Let w(l) = 13*l**2 + 1460*l + 458. Calculate w(-112).
10
Let y(z) = 2982*z - 301185. Determine y(101).
-3
Let g(l) = -8*l**2 + 29*l + 119. Give g(-2).
29
Let f(x) = 162*x**2 + 7212*x + 43283. Determine f(-6).
5843
Let w(o) = -o**2 - 6312*o - 306109. Give w(-49).
778
Let n(y) = y**2 - 48694*y - 1023025. Calculate n(-21).
-10
Let x(s) = 41939*s + 335347. Determine x(-8).
-165
Let u(w) = 16*w**2 + 584*w - 70. Calculate u(-33).
-1918
Let p(h) = -h**3 - h**2 - 54*h + 1686. Calculate p(10).
46
Let j(p) = -1663*p + 6544. Give j(4).
-108
Let i(c) = -6522*c + 52148. Give i(8).
-28
Let t(v) = -2*v**2 - 70*v + 718. Give t(12).
-410
Let r(b) = 644*b**2 - 416*b + 416. Give r(1).
644
Let s(x) = x**3 - 142*x**2 - 122*x - 2674. What is s(143)?
329
Let l(c) = -8*c**2 - 857*c - 4268. Determine l(-5).
-183
Let f(y) = -17*y**2 + 685*y + 1985. What is f(43)?
7
Let w(l) = -l**2 + 2743*l + 278419. Calculate w(-98).
1
Let l(b) = 1502*b + 1103954. Give l(-735).
-16
Let c(k) = -k**3 + 12341*k**2 + 197709*k - 35. What is c(-16)?
13
Let l(m) = -312443*m + 11560386. Calculate l(37).
-5
Let q(v) = -21*v**3 + 1364*v**2 + 64*v + 59. What is q(65)?
-6
Let y(j) = -j**2 + 219*j - 3143. Determine y(204).
-83
Let b(h) = -3175*h + 5457. What is b(2)?
-893
Let v(s) = -s**3 + 51*s**2 + 7*s + 2333. Give v(52).
-7
Let g(i) = -i**3 - 564*i**2 - 48549*i - 103. Calculate g(-106).
3
Let w(l) = l**3 + 2465*l**2 + 241020*l - 584. What is w(-102)?
28
Let l(b) = 5*b**3 + 25*b**2 + 11*b - 35. Give l(-2).
3
Let l(m) = 259*m - 8847. Give l(34).
-41
Let k(f) = 3*f**2 + 112*f + 18. Calculate k(-37).
-19
Let q(u) = -u**2 - 10*u - 32. Determine q(8).
-176
Let y(g) = 2385*g + 19089. Give y(-8).
9
Let r(v) = 938*v - 144777. What is r(153)?
-1263
Let a(h) = -4*h**2 + 1602*h - 127093. What is a(109)?
1
Let z(w) = 27*w**2 - 37788*w + 113366. What is z(3)?
245
Let g(o) = -o**3 + 8*o**2 + 17*o + 1926. Calculate g(0).
1926
Let u(h) = h**3 - 427*h**2 + 2529*h - 1277. What is u(421)?
-14
Let u(d) = -2*d**3 + 15*d**2 - 17*d - 71. Give u(5).
-31
Let x(r) = -96*r**2 + 5716*r - 5718. Calculate x(1).
-98
Let t(p) = -183*p + 3457. What is t(27)?
-1484
Let q(s) = -s**3 - 312*s**2 + 279*s - 10742. What is q(-313)?
-100
Let d(z) = -3*z**2 + 359*z - 3041. What is d(9)?
-53
Let t(v) = -v**3 - 432*v**2 - 31760*v + 4042. Give t(-338).
-14
Let v(r) = 127119*r + 1271184. Calculate v(-10).
-6
Let g(t) = -t**2 - 36*t + 5285. Give g(66).
-1447
Let r(j) = 3*j**3 - 5*j**2 - 22*j + 196. Determine r(4).
220
Let a(o) = 1153*o - 244918. Give a(212).
-482
Let o(b) = -b**3 + 3*b**2 - 17234*b - 69061. Determine o(-4).
-13
Let z(r) = -3026*r + 187620. Determine z(62).
8
Let o(k) = -15*k**3 - 44*k**2 - 113*k - 45. What is o(-2)?
125
Let j(v) = -5*v**3 - 594*v**2 + v - 14037. Give j(-119).
5
Let i(t) = 9535*t + 36815. Calculate i(-4).
-1325
Let r(z) = -2*z**3 + 19*z**2 - 295*z + 2163. Calculate r(8).
-5
Let k(f) = f**3 - 4*f**2 + 4254*f + 12832. Calculate k(-3).
7
Let m(z) = 53*z - 487. Calculate m(20).
573
Let s(m) = 16029*m + 352658. Give s(-22).
20
Let b(n) = 297*n - 4631. Calculate b(14).
-473
Let z(k) = -1411*k - 9741. Give z(-7).
136
Let t(h) = 2*h**2 - 336*h - 470011. Calculate t(576).
5
Let s(l) = -60*l + 36157. What is s(603)?
-23
Let g(c) = 33*c**2 + 249*c + 151. Calculate g(-7).
25
Let q(d) = d**3 + 52*d**2 - 410*d - 16323. Give q(-54).
-15
Let u(w) = 8*w**2 - 1455*w + 38308. Calculate u(150).
58
Let v(a) = a**3 - 37*a**2 - 15582*a + 547828. What is v(35)?
8
Let i(h) = h**2 - 950*h + 186833. Determine i(278).
17
Let k(i) = -2*i**2 - 231*i + 45412. Calculate k(-219).
79
Let s(t) = -65*t**2 + 36*t - 6. What is s(2)?
-194
Let v(w) = 5798*w - 57918. Give v(10).
62
Let y(s) = -38819*s - 698840. Give y(-18).
-98
Let v(n) = -349*n**2 + 26897*n - 1884. Give v(77).
-36
Let b(o) = -355527*o + 711042. Determine b(2).
-12
Let m(r) = -r**3 + 14*r**2 - 83187*r + 1081267. Give m(13).
5
Let t(j) = -1917*j + 21069. Calculate t(11).
-18
Let l(u) = -694*u**2 + 16028*u - 1517. Give l(23).
1
Let c(p) = p**2 - 133*p - 19182. Determine c(-87).
-42
Let b(l) = -19*l**3 + 138*l**2 + 36*l - 1086. Give b(6).
-6
Let u(o) = -o**3 - 5*o**2 + 6*o - 145. Determine u(0).
-145
Let g(t) = -13925*t - 264552. Determine g(-19).
23
Let r(p) = 2*p**2 + 146*p + 3044. What is r(-32)?
420
Let r(o) = o**3 + 17*o**2 + 185*o + 299. What is r(-2)?
-11
Let t(f) = 167*f**3 + 4*f**2 + 129*f - 131. Calculate t(1).
169
Let f(g) = g**2 + 49*g - 1572. Calculate f(-65).
-532
Let k(y) = -4007*y + 12883. Determine k(3).
862
Let l(a) = -91943*a - 8826523. What is l(-96)?
5
Let u(k) = 3622*k + 13163. Give u(-4).
-1325
Let s(t) = 276*t**2 - 46*t + 74. Give s(2).
1086
Let s(v) = -152*v + 4652. What is s(35)?
-668
Let h(v) = 1147*v - 16870. Give h(14).
-812
Let a(k) = -k**2 - 360*k - 26461. Give a(-256).
163
Let b(u) = 87*u**3 + 12*u**2 - 26*u - 95. Calculate b(-2).
-691
Let m(v) = 4*v**2 - 6703*v + 1415146. Give m(1428).
-2
Let g(w) = -3*w**2 - 10108*w + 101475. What is g(10)?
95
Let i(a) = -28*a**2 + 2711*a + 463. Give i(97).
-22
Let u(q) = 13*q**2 - 737*q + 418. Calculate u(56).
-86
Let d(c) = -6*c**3 + 45*c**2 + 180*c - 9. What is d(-4)?
375
Let y(p) = 42*p**2 + 11282*p - 3985. Determine y(-269).
319
Let m(o) = 17*o**3 - 471*o**2 + 753*o + 85. What is m(26)?
59
Let h(p) = -p**3 - 49*p**2 - 514*p + 66. Calculate h(-34).
202
Let t(u) = -u**3 - 31*u**2 + 63*u - 47. Calculate t(-33).
52
Let a(m) = 31623*m - 316203. Determine a(10).
27
Let z(x) = -579*x + 45. Determine z(0).
45
Let z(g) = 5097*g - 1462845. What is z(287)?
-6
Let n(c) = 1689*c + 6715. Give n(-4).
-41
Let g(p) = 2*p**2 + 172*p - 1930. What is g(11)?
204
Let r(s) = 63*s - 9490. Give r(147).
-229
Let y(k) = -3*k**2 + 11379*k - 11379. What is y(1)?
-3
Let a(w) = w**2 - 6631*w + 309410. What is a(47)?
-38
Let h(b) = 40467*b + 121473. Determine h(-3).
72
Let d(h) = 52269*h - 679526. Calculate d(13).
-29
Let w(k) = -2975*k + 1440035. Determine w(484).
135
Let d(c) = 83*c + 80. Determine d(0).
80
Let t(z) = -1124*z + 41666. What is t(37)?
78
Let c(k) = 11045*k + 4. What is c(0)?
4
Let x(p) = 437*p**2 + 7855*p - 202. What is x(-18)?
-4
Let v(r) = 28462*r**2 + 28456*r - 1. Calculate v(-1).
5
Let j(i) = 1728*i + 6522. Calculate j(-4).
-390
Let z(a) = -a**2 - 95988*a + 2784497. Give z(29).
4
Let w(q) = 2*q**3 + 1320*q**2 + 67*q + 44207. Give w(-660).
-13
Let k(g) = g**3 + 857*g**2 - 13072*g + 6976. What is k(-872)?
0
Let q(i) = i**3 - 216*i**2 - 873*i - 1. Calculate q(-4).
-29
Let h(s) = 3*s**3 + 224